{"id":132,"date":"2014-08-29T09:30:20","date_gmt":"2014-08-29T09:30:20","guid":{"rendered":"http:\/\/www3.kaiserhof-siegburg.de\/?page_id=132"},"modified":"2015-04-30T13:32:36","modified_gmt":"2015-04-30T13:32:36","slug":"catering","status":"publish","type":"page","link":"https:\/\/www.kaiserhof-siegburg.de\/?page_id=132","title":{"rendered":"Catering"},"content":{"rendered":"<p>Wenn Sie Ihre Feier von uns im privaten Rahmen ausrichten lassen m\u00f6chten, haben Sie die Wahl zwischen Ihrem Zuhause und einer anderen sch\u00f6nen Location. Wir bieten dazu den Fullservice mit Tischen, Geschirr und Gl\u00e4sern sowie dem Personal. Sie erhalten von uns nach Ihren W\u00fcnschen ein fantasievolles Fingerfood oder ein liebevoll angerichtetes Buffet. Au\u00dferdem k\u00f6nnen Sie das Essen von uns servieren lassen.<\/p>\n","protected":false},"excerpt":{"rendered":"<p>Wenn Sie Ihre Feier von uns im privaten Rahmen ausrichten lassen m\u00f6chten, haben Sie die Wahl zwischen Ihrem Zuhause und einer anderen sch\u00f6nen Location. Wir bieten dazu den Fullservice mit Tischen, Geschirr und Gl\u00e4sern sowie dem Personal. Sie erhalten von uns nach Ihren W\u00fcnschen ein fantasievolles Fingerfood oder ein liebevoll angerichtetes Buffet. Au\u00dferdem k\u00f6nnen Sie [&hellip;]<\/p>\n","protected":false},"author":1,"featured_media":0,"parent":0,"menu_order":0,"comment_status":"closed","ping_status":"closed","template":"","meta":[],"_links":{"self":[{"href":"https:\/\/www.kaiserhof-siegburg.de\/index.php?rest_route=\/wp\/v2\/pages\/132"}],"collection":[{"href":"https:\/\/www.kaiserhof-siegburg.de\/index.php?rest_route=\/wp\/v2\/pages"}],"about":[{"href":"https:\/\/www.kaiserhof-siegburg.de\/index.php?rest_route=\/wp\/v2\/types\/page"}],"author":[{"embeddable":true,"href":"https:\/\/www.kaiserhof-siegburg.de\/index.php?rest_route=\/wp\/v2\/users\/1"}],"replies":[{"embeddable":true,"href":"https:\/\/www.kaiserhof-siegburg.de\/index.php?rest_route=%2Fwp%2Fv2%2Fcomments&post=132"}],"version-history":[{"count":4,"href":"https:\/\/www.kaiserhof-siegburg.de\/index.php?rest_route=\/wp\/v2\/pages\/132\/revisions"}],"predecessor-version":[{"id":232,"href":"https:\/\/www.kaiserhof-siegburg.de\/index.php?rest_route=\/wp\/v2\/pages\/132\/revisions\/232"}],"wp:attachment":[{"href":"https:\/\/www.kaiserhof-siegburg.de\/index.php?rest_route=%2Fwp%2Fv2%2Fmedia&parent=132"}],"curies":[{"name":"wp","href":"https:\/\/api.w.org\/{rel}","templated":true}]}}