{"id":356,"date":"2015-09-17T08:10:26","date_gmt":"2015-09-17T08:10:26","guid":{"rendered":"http:\/\/www3.kaiserhof-siegburg.de\/?page_id=356"},"modified":"2023-08-11T15:15:40","modified_gmt":"2023-08-11T15:15:40","slug":"juniorsuite","status":"publish","type":"page","link":"https:\/\/www.kaiserhof-siegburg.de\/?page_id=356","title":{"rendered":"Juniorsuite"},"content":{"rendered":"<p>modernes Doppelzimmer 50qm, mit gem\u00fctlicher Sitzecke, teilweise mit zus\u00e4tzlicher Schlafcouch,<br \/>\ngro\u00dfer LCD Fernseher, Telefon, WLan-Wifi, Schreibtisch, gro\u00dfes Badezimmer mit gegehbarer Dusche, F\u00f6n<\/p>\n<h4><strong><a href=\"https:\/\/reservierung.kaiserhof-siegburg.de\" target=\"_blank\" rel=\"noopener\">zur Zimmer-Reservierung<\/a><\/strong><\/h4>\n<p>Preise f\u00fcr Einzelreisende oder mit Zustellbett bitte per email oder telefonisch erfragen<\/p>\n","protected":false},"excerpt":{"rendered":"<p>modernes Doppelzimmer 50qm, mit gem\u00fctlicher Sitzecke, teilweise mit zus\u00e4tzlicher Schlafcouch, gro\u00dfer LCD Fernseher, Telefon, WLan-Wifi, Schreibtisch, gro\u00dfes Badezimmer mit gegehbarer Dusche, F\u00f6n zur Zimmer-Reservierung Preise f\u00fcr Einzelreisende oder mit Zustellbett bitte per email oder telefonisch erfragen<\/p>\n","protected":false},"author":3,"featured_media":0,"parent":9,"menu_order":0,"comment_status":"closed","ping_status":"closed","template":"","meta":[],"_links":{"self":[{"href":"https:\/\/www.kaiserhof-siegburg.de\/index.php?rest_route=\/wp\/v2\/pages\/356"}],"collection":[{"href":"https:\/\/www.kaiserhof-siegburg.de\/index.php?rest_route=\/wp\/v2\/pages"}],"about":[{"href":"https:\/\/www.kaiserhof-siegburg.de\/index.php?rest_route=\/wp\/v2\/types\/page"}],"author":[{"embeddable":true,"href":"https:\/\/www.kaiserhof-siegburg.de\/index.php?rest_route=\/wp\/v2\/users\/3"}],"replies":[{"embeddable":true,"href":"https:\/\/www.kaiserhof-siegburg.de\/index.php?rest_route=%2Fwp%2Fv2%2Fcomments&post=356"}],"version-history":[{"count":4,"href":"https:\/\/www.kaiserhof-siegburg.de\/index.php?rest_route=\/wp\/v2\/pages\/356\/revisions"}],"predecessor-version":[{"id":1363,"href":"https:\/\/www.kaiserhof-siegburg.de\/index.php?rest_route=\/wp\/v2\/pages\/356\/revisions\/1363"}],"up":[{"embeddable":true,"href":"https:\/\/www.kaiserhof-siegburg.de\/index.php?rest_route=\/wp\/v2\/pages\/9"}],"wp:attachment":[{"href":"https:\/\/www.kaiserhof-siegburg.de\/index.php?rest_route=%2Fwp%2Fv2%2Fmedia&parent=356"}],"curies":[{"name":"wp","href":"https:\/\/api.w.org\/{rel}","templated":true}]}}